 o. Suppose t - o = 9. Let y = -12 + t. What is the highest common divisor of 5 and y?
5
Let u(d) be the first derivative of -d**4/4 + 3*d**3 + 2*d**2 + 9*d + 7. Let g be u(7). What is the highest common factor of g and 54?
27
Let g = -61 + 88. Calculate the greatest common factor of g and 216.
27
Let a(l) be the second derivative of -11/2*l**2 + 0 + 11/12*l**4 + 2/3*l**3 - 4*l - 1/20*l**5. Let d be a(9). What is the highest common factor of 17 and d?
17
Let c(o) = -o**3 - 14*o**2 + 13*o - 4. Let y be c(-15). Calculate the highest common factor of 52 and y.
26
Let c(v) = -2*v + 3. Let w be c(-4). Let n be (2/(-2)*w)/(-1). Calculate the highest common factor of n and 1.
1
Let w = -10 + 16. Let f be ((-3)/w)/((-1)/2). Let z = 7 + -2. Calculate the highest common factor of f and z.
1
Let k be (-2)/(-12) - (-95)/114. What is the greatest common factor of k and 2?
1
Let r = 14 + -8. Suppose j = 5*k - 98, -j + 548 = -r*j - 4*k. Let f = -63 - j. What is the highest common divisor of 30 and f?
15
Let s be (33/9)/(1/(-3)). Let a = s - -16. Suppose 30 = -4*r + a*r. What is the greatest common factor of r and 10?
10
Let i(w) = 16*w**2 + 3*w - 3. Let g be i(-3). Let o be (1 + -5)*g/(-3). What is the highest common divisor of o and 16?
16
Let s = 6 + -4. Suppose d - 2*t = -2, -t = -s*t - 3. Let w be (-6)/d - 5/(-20). What is the highest common divisor of w and 11?
1
Suppose -88*h + 89*h - 10 = 0. What is the greatest common factor of h and 110?
10
Let r be -1*1*1 - -14. Let q(o) = o**2 - 10*o + 15. Let k be q(11). What is the greatest common factor of k and r?
13
Let c(q) = 2*q**3. Let s be c(1). Suppose 29 = s*y - 41. What is the highest common divisor of y and 5?
5
Let u(t) = t**3 - 6*t**2 - 8*t - 3. Suppose 2*f + 21 = 5*f. Let o be u(f). Let m be ((-4)/o)/((-1)/(-70)). Calculate the greatest common divisor of 7 and m.
7
Let f(q) = q**3 - 5*q**2 + 2*q - 16. Let y be f(6). Calculate the greatest common factor of y and 32.
32
Let h = -26 - -49. Suppose -57 - h = -5*r. What is the highest common factor of 144 and r?
16
Suppose 2*s = 7*s - 25. Let r = 470 + -468. What is the highest common factor of r and s?
1
Let q(v) = v**3 - 6*v**2 + 13*v - 21. Let h be q(5). Calculate the highest common divisor of 361 and h.
19
Let x(b) = 12*b**2 - b + 1. Let p be x(1). What is the greatest common factor of p and 28?
4
Suppose 0 = 4*w + 3*a + a - 12, -5*a = -4*w + 21. What is the greatest common divisor of 4 and w?
4
Let x(g) = -g**2 - 6*g - 9. Let q be x(-6). Let t be 78/((-15)/q + -1). Calculate the highest common factor of t and 13.
13
Suppose -2 - 16 = -2*m. Let t(q) = q**3 - 9*q**2 + 5*q - 9. Let d be t(m). Calculate the greatest common factor of d and 9.
9
Suppose 9*y = 4*y + 10, -3*a - 3*y = -15. Suppose 24 = a*l + l. Let d = -26 + 80. What is the highest common factor of l and d?
6
Suppose 0 = -4*u - 4*u + 112. What is the highest common factor of 112 and u?
14
Suppose 3 = t - 5. What is the highest common factor of 8 and t?
8
Suppose 5*r + 252 = 19*r. What is the greatest common divisor of 6 and r?
6
Suppose 0 = 4*j + d - 66, -4*j + 5*d = -j - 38. Suppose -6*i + 2*i = -j. Suppose -5 = 2*g - 61. What is the greatest common factor of i and g?
4
Let g = 26 - 23. What is the greatest common divisor of 1 and g?
1
Let n(b) = 2*b**2 - 2*b - 4. Let l be n(4). Suppose -5*f + 881 - 181 = 0. What is the highest common divisor of f and l?
20
Suppose -3*m + 15 + 33 = 0. What is the greatest common divisor of 2 and m?
2
Suppose 4 = 5*h - 3*d, -7*h + 2*h - d + 12 = 0. Let y be -2*(-2)/4*7. Suppose y - 3 = f. Calculate the greatest common divisor of h and f.
2
Suppose -y = n - 7, -4*n + 22 - 6 = 0. Let p be ((-2)/(-3))/(1/y). Let o(c) = -19*c - 1. Let h be o(-1). What is the highest common divisor of h and p?
2
Suppose -3*g = g + 4. Let m be -4*(0 + (g - 0)). Calculate the highest common factor of 44 and m.
4
Let l = -4 - -9. Let j(z) = 5*z**3 + 2*z - 1. Let h be j(1). Let t = -5 + h. Calculate the greatest common factor of l and t.
1
Let m(i) = i - 10. Let k be m(6). Let u(o) = -28*o - 2. Let f be u(k). What is the greatest common factor of 10 and f?
10
Suppose 3*j = 5*j - 5*a - 8, 5*j - 2*a = 62. Suppose -q + 134 + 35 = -3*u, 0 = 2*q + 2*u - 298. What is the highest common divisor of q and j?
14
Let x(j) = -j - 2. Let k be x(-7). Let g be -33 + 39 - 2/2. What is the greatest common divisor of g and k?
5
Let y be 555/10*(-2)/(-3). Calculate the highest common factor of y and 407.
37
Let z = 32 - 20. What is the greatest common divisor of z and 84?
12
Let i be (3 + (-12)/(-9)*-3)*-243. What is the highest common divisor of 27 and i?
27
Let u(x) = -x - 1. Let s(q) = q - 5. Let m(a) = -s(a) - 2*u(a). Let f be m(-4). Let y be 27*(1 + -3 + 3). What is the greatest common divisor of f and y?
3
Let r be (-6)/27 - (-43)/(-9). Let w = -11 - r. Let s(g) = g**2 + 6*g + 4. Let t be s(w). What is the greatest common factor of 8 and t?
4
Let p be (-8)/(-3) + (-2)/(-6). Suppose 0 = 4*b - 3*v - 32, -3 = 3*b - 6*b - p*v. What is the highest common factor of 2 and b?
1
Let s = -239 - -113. Let j = -62 - s. What is the greatest common factor of j and 8?
8
Suppose 0 = 5*n - 5*d, -5*d = -0*n + 5*n. Let a = 5 - n. Let q = -4 + a. What is the highest common divisor of 4 and q?
1
Let c be 256/18 + 4/(-18). Let d(m) = m**2 - 2. Let k be d(4). What is the highest common divisor of k and c?
14
Let f = 15 + -2. Calculate the highest common factor of f and 65.
13
Suppose 3*r = 9, 4*a = r + r + 146. Let j = 433 - 338. What is the highest common divisor of j and a?
19
Let k be 6/(-2) + 115/1. Calculate the highest common divisor of k and 14.
14
Let h = 32 - 52. Let w = -14 - h. Suppose -5*c + 145 = x, 3*c - 140 = -c + 4*x. What is the highest common divisor of c and w?
6
Suppose 4*u - 16 = -4*o - 0*o, -3*o + 21 = 4*u. What is the highest common factor of u and 1?
1
Suppose -2*a + 42 = -0. Let u be -5 - ((-816)/(-2))/(-6). What is the greatest common factor of a and u?
21
Suppose 13 = 2*y + n, 6*y + 2*n = 3*y + 19. Suppose 31 = r + y. What is the highest common divisor of r and 3?
3
Let k be 3/6*(1 + 17). What is the highest common divisor of k and 63?
9
Let h be (-1)/3 - 1011/(-9). Calculate the highest common factor of h and 16.
16
Suppose -48 = 5*f + 262. Let r = f - -110. Calculate the highest common factor of 12 and r.
12
Suppose s - 40 = -0*s. Let b = 197 + -89. Let l be 6/33 + b/11. What is the highest common factor of l and s?
10
Let h(z) be the second derivative of -z**5/20 - 7*z**4/12 - z**3/3 + 4*z**2 - 4*z. Let n be h(-7). What is the greatest common divisor of 11 and n?
11
Let t(n) be the second derivative of 2*n**5/5 + n**4/12 + n**3/3 - n**2 - n. Let h be t(2). What is the greatest common factor of h and 14?
14
Let q be 333/6*4/3. Let m = -53 + q. Suppose -m = -3*l + 2*l. Calculate the highest common factor of l and 7.
7
Suppose -5*u + 143 + 68 = -3*m, 0 = 4*u + 5*m - 191. What is the highest common factor of u and 4?
4
Suppose -224 = -4*u + 352. Calculate the highest common factor of u and 16.
16
Suppose -3 = -3*f, -2*n + f + 15 + 192 = 0. Let j be n/(-6)*-6 + 1. What is the greatest common factor of j and 21?
21
Suppose -4*g + 3*g + 67 = 0. Suppose 5*m - 2*l - 117 = -4*l, -3*m + g = 2*l. Calculate the greatest common factor of 50 and m.
25
Let y(d) = -d**3 - 12*d**2 - d + 4. Let w be y(-12). Let t = -6 + 14. What is the highest common divisor of t and w?
8
Let h(j) = 2*j + 10. Let x be h(15). Calculate the greatest common factor of x and 10.
10
Let w be (-8)/(-4)*(1 + 0). Suppose 0 = -w*f - 13 + 97. What is the greatest common divisor of f and 14?
14
Let p be (-5)/1 + (31 - 2). What is the highest common factor of 16 and p?
8
Let g be (2 - 3)/(1/(-39)). Let o = 26 - 13. Calculate the greatest common divisor of g and o.
13
Let h be ((-1680)/(-64))/((-2)/(-8)). Suppose -f = -3*f + 30. Calculate the greatest common factor of f and h.
15
Suppose -q - 4*q + 33 = v, -v + 13 = q. What is the greatest common divisor of v and 8?
8
Suppose -2*o = 11*p - 15*p - 60, 0 = -5*o + p + 123. Calculate the greatest common factor of o and 40.
8
Suppose 4*a + 5*h = 4*h + 19, -3*h - 11 = -5*a. Let l = a - 1. Suppose 0 = -4*b + 8*b - 84. Calculate the greatest common factor of b and l.
3
Suppose 0 = -s - s - 